r(l) = 205*l**2 + 6*l - 93. Let o be r(-3). What is the highest common divisor of 918 and o?
102
Let g = 5274 - 4757. Calculate the greatest common factor of g and 55.
11
Suppose -367*d + 7938 = -184*d - 141*d. What is the greatest common divisor of 19719 and d?
63
Let u = 220 + -132. Suppose -2*v + u - 50 = 0. Calculate the highest common divisor of v and 171.
19
Let m = -5954 + 6290. What is the greatest common divisor of m and 3472?
112
Let g = -34 + 304. Suppose -g = -6*u - 3*u. Let a be (u/4)/(6/16). Calculate the highest common factor of 220 and a.
20
Suppose -b - 29*v + 34*v + 27 = 0, -4*b + 39 = 3*v. Suppose 2*n = 2, -2*n = c + 3*n - 17. Calculate the greatest common divisor of c and b.
12
Suppose -9*v - 112 = -2*f - 10*v, -3*f + 5*v = -194. Suppose 0*m - 1302 = -3*m. Let n = -289 + m. Calculate the greatest common divisor of f and n.
29
Let a(m) = -133*m + 6939. Let x be a(52). Calculate the greatest common factor of 5267 and x.
23
Let p(h) = -85*h - 928. Let z be p(-24). Let i = 31 - 23. What is the highest common factor of i and z?
8
Let k(a) = a**2 + 42*a + 1238. Let i be k(-80). Calculate the greatest common factor of 414 and i.
138
Let q(h) = -3*h**3 + 53*h**2 - 122*h + 35. Let s be q(14). Calculate the highest common factor of s and 6141.
69
Let b(v) = -v**2 + 37*v + 1222. Let s be b(53). What is the greatest common divisor of 561 and s?
187
Let x = -5185 - -5285. Calculate the highest common factor of x and 800.
100
Let r = 252 + -255. Let p be 32*(1 - 0/r). What is the highest common factor of 104 and p?
8
Suppose -1518 = -10*r + 3242. What is the highest common factor of 252 and r?
28
Let r = -5406 - -6378. Calculate the greatest common divisor of r and 24.
12
Let t(v) be the first derivative of -169*v**2 + 22*v - 27. Let s be t(-1). What is the highest common factor of s and 18?
18
Suppose 8*y - 14 = -6. Suppose 3*j - 8 = -2*m, -5*j + y = -4*m + 17. Suppose -288 = -10*w - 14*w. What is the greatest common factor of w and m?
4
Suppose 68*l = 67*l - v + 154, -3*l + 2*v + 472 = 0. Calculate the highest common factor of l and 390.
78
Let h be (3408/(28/(-12) + -1))/(126/(-420)). Calculate the highest common divisor of h and 72.
24
Suppose 47*g = 51*g - 4*v - 8, -2*g = 2*v - 8. Calculate the greatest common factor of 723 and g.
3
Suppose 3*n + 36 = 27. Let s be ((-81)/n - -4) + 3. What is the greatest common divisor of s and 85?
17
Suppose -197*o + 2538 = -103*o. Suppose 0 = -2*b + 4, 2*b = 3*u - 488 - 804. Calculate the highest common factor of u and o.
27
Let a be 50/18 + (-4)/(-18). Let o(t) = 2*t - a*t + 17 - 3. Let y be o(-8). Calculate the highest common factor of 33 and y.
11
Suppose 0 = -3*t + 4*r + 8229, -5*t + 3*r + 13683 = 7*r. What is the highest common divisor of 66 and t?
33
Let k be (4 - 26541/(-162)) + (-1)/(-6). Let w = -16 - -79. What is the highest common divisor of k and w?
21
Let y(n) = n**3 + 53*n - 18. Let r be y(-10). Let o = r + 1676. Let d(l) = l + 16. Let w be d(0). What is the highest common divisor of o and w?
16
Let m(b) = -b**2 + 17*b - 37. Let q be m(14). Suppose 3*k - 11 = -q*w + 6, -4*w = 8. Let z be -4*(-2 - 74/8). What is the highest common divisor of k and z?
9
Let a(m) = 8*m**2 - 16*m - 5. Let h(g) = 3*g**2 - g + 1. Let w(o) = -a(o) + 5*h(o). Let u be w(-6). What is the greatest common factor of u and 140?
28
Suppose q + 1043 = 3*g, 7*g - 10*g - 5*q + 1031 = 0. Let c = g + -217. Calculate the greatest common divisor of c and 10.
10
Let b(n) = -7*n**2 + 15*n + 64. Let c(r) = 15*r**2 - 29*r - 130. Let s(k) = 13*b(k) + 6*c(k). Let j be s(19). What is the greatest common divisor of 135 and j?
45
Suppose -73 = -5*x + 2*s, -2*x - 46*s + 51*s = -46. What is the highest common factor of x and 871?
13
Suppose -16 = 16*s - 16. Suppose 3*f - 577 = -2*o, 4*f + 2*o - o - 776 = s. Calculate the greatest common divisor of f and 325.
65
Suppose 803 = 43*b - 2336. Calculate the greatest common divisor of 73 and b.
73
Let a(l) = 15149*l - 60565. Let h be a(4). Let j = -18 + 25. Let n be -62*j/(-2) + 0. Calculate the greatest common divisor of n and h.
31
Let s be 6 + ((-1210807)/(-117) - 4/(-18)). Suppose 0 = 23*p - s + 1661. Calculate the greatest common divisor of p and 270.
54
Suppose -c - 160*n + 219 = -155*n, 4*n + 1037 = 5*c. Calculate the highest common factor of c and 1805.
19
Suppose 2*x - 4*a = -12 + 80, 3*a = -6. Let c = 0 - 7. Let d(t) = -t**3 - 7*t**2 - 3*t - 9. Let v be d(c). Calculate the highest common divisor of v and x.
6
Let x(o) = 43*o + 413. Let b be x(-3). What is the greatest common divisor of b and 4?
4
Let f(m) = 7*m**2 + 72*m + 1145. Let k be f(-17). What is the greatest common factor of k and 48?
24
Suppose -6*h - 138 = -13*h - 12. Calculate the highest common divisor of 1359 and h.
9
Let k be (-137)/(-5) + -6*(-11)/(-165). Suppose o = 29 + k. What is the highest common divisor of 8 and o?
8
Let r be 2/(-7) - 3/(21/(-1066)). Let t = r - 244. Let d = t + 128. Calculate the greatest common factor of 180 and d.
36
Let l be (1221/148)/(12/1664). Calculate the greatest common factor of 1056 and l.
88
Let r(q) = 6*q**2 + 11*q - 22. Let m be r(-4). What is the highest common factor of 735 and m?
15
Let o be ((-2)/8 - 2)*(-60)/45. Suppose -o*h + 133 = -5*x, 13*h - 61 = 12*h + 5*x. Suppose 3*z = -2*z + 90. What is the highest common divisor of z and h?
18
Suppose -4*n - 52 = -3*v - 369, -2*v + 148 = 2*n. Let t = n - -13. Suppose -9*i = -7*i - t. Calculate the greatest common factor of i and 18.
9
Suppose n - 46 = -19. Suppose 0 = l + 5*a - n - 28, -2*l - 2*a + 94 = 0. Suppose 0 = 7*b + 3 - l. Calculate the greatest common divisor of 9 and b.
3
Let r(x) = x**3 - 20*x**2 - 27*x + 156. Let l be (-5 + (-28)/(-7))*(-22 - -1). Let z be r(l). What is the highest common factor of 195 and z?
15
Suppose -28*j = 315 + 1617. Let x be 184/j*-5*3. What is the greatest common factor of x and 10?
10
Suppose 0 = -44*l - 269*l + 133964. Calculate the highest common divisor of l and 28.
4
Let f(i) = i - 9. Let n(b) = b - 9. Let s(k) = 4*f(k) - 5*n(k). Let d be s(4). Suppose -4362*c + 1425 = -4267*c. What is the greatest common factor of c and d?
5
Suppose -41*h = 6192 - 7012. What is the highest common divisor of 27240 and h?
20
Suppose 104*w - 101*w = 5*j + 2978, -2*j - 2993 = -3*w. What is the highest common factor of w and 117?
13
Let q = -4076 - -4274. What is the highest common factor of 253 and q?
11
Let d(b) = b**3 - 2*b + 4. Suppose -85 - 5 = -5*l. Suppose 3*p + v = 3*v + 8, -l = -4*p - v. Let x be d(p). What is the greatest common factor of x and 12?
12
Let t be ((-30)/3)/((-9)/81 + 0). Let w = 59 + -32. Suppose 0 = 8*r - 5*r - w. What is the greatest common divisor of r and t?
9
Let g be -60*(189/(-28) + (-33 - -36)). Suppose -37 - 67 = -4*f - o, 5*o + 105 = 5*f. Calculate the highest common divisor of g and f.
25
Suppose 22*r + 14 = -30. Let m(q) = 10*q**2 + 6*q + 7. Let h be m(r). What is the greatest common factor of 665 and h?
35
Let v(t) = 2*t**2 + t - 2. Let b be v(2). Suppose 2*n + b = -4. Let m be -4*(-2 - (-27)/n). Calculate the highest common divisor of 26 and m.
26
Suppose -6*a + a + 1230 = 4*w, 0 = 2*a - w - 479. Let u be -3*(13 + 0) + 0. Let z = 61 + u. Calculate the highest common factor of a and z.
22
Suppose 6*l - 3*q = 2*l + 628, 316 = 2*l - q. Calculate the greatest common factor of l and 540.
20
Let q be 862/8 - (15 + 549/(-36)). What is the greatest common factor of 459 and q?
27
Let h = 525 - 282. Let k = -223 + h. Calculate the highest common factor of k and 140.
20
Let d(i) = 86*i - 787. Let m be d(19). What is the greatest common factor of 22 and m?
11
Suppose c = -h + 28, -47 + 43 = h - 3*c. Let u be (110/(-4))/((-1)/4). What is the greatest common divisor of u and h?
10
Suppose 13*i + 3*i = 1248. Suppose 67 = 2*m - 2*r + 21, -3 = -r. Calculate the highest common divisor of i and m.
26
Let c(z) = -2*z - 18. Let b be c(-13). Let r be -6 + 2 + (-12)/6. Let h = r + b. Calculate the highest common factor of h and 10.
2
Suppose -25*k + 12*k = -4953. Suppose 18*l = k - 57. Suppose -b - 630 = -6*b. What is the highest common divisor of l and b?
18
Let a be ((-3)/(-6))/(1/(-2)) + 1. Let w(h) = -2*h - 21. Let o be w(a). Let u = 7 - o. Calculate the greatest common divisor of 252 a